2*o**3/3 - 11*o**2. Give x(7).
11
Let c(s) be the first derivative of s**2 + 7*s - 281. What is c(-9)?
-11
Let n(m) = m - 2. Suppose 2 = 2*j + 8, 4*c + 2*j + 14 = 0. Calculate n(c).
-4
Let m(z) be the third derivative of -z**6/12 + z**4/24 + z**2. Suppose -j - 4*o + 1 = 0, -9*j + 2*o = -13*j + 4. Give m(j).
-9
Let s(r) = 8*r - 1. Suppose 545*n = 549*n + 8. Determine s(n).
-17
Let s(h) = 9*h**3 + 7*h**2 + 4*h + 7. Let m(v) = -25*v**3 - 20*v**2 - 11*v - 20. Let o(p) = 4*m(p) + 11*s(p). Determine o(-3).
-3
Let r(d) = d**3 - d + 5. Let f(h) = -h**3 + h - 4. Let k(l) = -3*f(l) - 2*r(l). Suppose -p - 8 = 3*m, 3*p + p = 3*m - 2. What is k(m)?
-4
Let x(f) = 5*f - 3. Suppose 9*l - 11*l + 4 = 0. Suppose l + 2 = 2*d. Suppose d*n - 1 = 3. Determine x(n).
7
Let a(t) = -t. Let c(u) = u**2 - 6*u + 5. Suppose -s + 16 = -l - 6*s, 4*l + s = -7. Let h(o) = l*c(o) + 6*a(o). Suppose 19*k = -16*k + 29*k. Determine h(k).
-5
Let h = -392 + 386. Let v(w) = -w - 11. Determine v(h).
-5
Let t(f) = 3*f**2 - 49 - f**3 + 22 + 30 - 12*f + 7*f**2. Determine t(9).
-24
Let j(w) = -15*w**2 - 5*w + 19. Let i = 2 - -4. Let b(p) = -13*p**2 + p**2 - 2*p + 9 + 5*p**2. Let y(h) = i*j(h) - 13*b(h). Calculate y(5).
2
Suppose -3*j = -2 - 4. Let v(i) = 0*i**3 - 12 + 4 - i**j + i**3. Suppose 2*o - 3*o = 0. What is v(o)?
-8
Let u be 4/8*0/1. Let p(f) = 8*f + u*f - 5*f - f. Calculate p(1).
2
Let b(j) = -11*j. Let s(a) = -5*a. Let d be 2 + -5 + (-9)/3 + 20. Let u(y) = d*s(y) - 6*b(y). Suppose -3 + 8 = 5*n. Give u(n).
-4
Let g(p) = -12*p**2 - 15*p - 19. Let z(m) = -5*m**2 - 8*m - 9. Let y(k) = -2*g(k) + 5*z(k). What is y(-8)?
9
Let k(r) = r**3 + 10*r**2 + 10*r + 1. Suppose 8*b - 153 = 25*b. Give k(b).
-8
Let z(q) = -q**2 + 6*q + 4. Suppose 0*n = 5*n - 60. Let s = -10 + n. Suppose -s*v + 2*p + 8 = 3*p, 10 = v - p. Give z(v).
4
Let x be (3/(-2)*-2)/1. Let v(u) = -u**2 + 12*u - 5. Let h(d) = d**2 - 11*d + 5. Let z(t) = x*h(t) + 2*v(t). Give z(4).
-15
Let i be (-24)/(-10) + (-4)/10. Let f(q) = -5*q**3 - 2 - i - q + 5. Calculate f(1).
-5
Suppose -46 = 4*f - 62. Suppose 5*h - 15 = -0. Let i(z) = -z + 6*z**2 - 2 - 1 - f*z + 0*z**h - z**3. Give i(5).
-3
Let l be (2 - 2)/(-3) - 4. Let x(m) be the first derivative of -m**3 + 0*m + m**2 - 2 - 1/4*m**4. Calculate x(l).
8
Let o = -8 + 11. Let n(i) = i**3 + 2*i - i + o*i - 4*i**2 - 4. Let b be 2 + (3 + -6)/(-3). Give n(b).
-1
Let m(y) = 17*y - 1. Let t be (-50)/300*(5 + 1). Give m(t).
-18
Let a(c) = -1749*c**2 + 1756*c**2 + 0*c**3 + 1 - 3*c**3 + 2*c**3 + 3 + 18*c. What is a(9)?
4
Let o(q) = -2*q + 5. Let n = 2 + 0. Suppose n*i - 6 - 2 = 0. What is o(i)?
-3
Let w(b) = -b + 4. Let n(y) = 4*y + 2. Let r(g) = n(g) + 2*w(g). Calculate r(-10).
-10
Let n(o) = o - 9. Suppose 4*y - 212 = 4. Suppose -5*g + 11*g - y = 0. Determine n(g).
0
Let i be ((-32)/(-48))/((-2)/(-9)). Suppose -r = 4*t - 6, -r + 4 = 5*t - i. Let d(p) = -6*p**2 + p. What is d(t)?
-5
Let z = -512 - -511. Let l(i) = -47*i + 1. Determine l(z).
48
Let h(z) = -z**3 + 30*z**2 - 28*z - 30. Let q be h(29). Let g(y) = -5*y**2 + 3*y**2 - 4*y**2 + 0*y**2. Give g(q).
-6
Let p(z) be the second derivative of -z**5/10 + 7*z**4/12 - 2*z**3/3 + 2*z**2 - 2*z + 10. What is p(3)?
1
Let t(l) = -6*l**3 - l**2 + 1. Let m = -56 + 51. Let z be ((2/(-6))/(m/30))/2. Give t(z).
-6
Let i(s) = -5*s**2 - 2*s + 1. Let x be 16/10 + (-6)/(-15). Let k(n) be the first derivative of -n**3/3 + 3*n**2/2 - n + 23. Let w be k(x). Determine i(w).
-6
Suppose -5*r = -189 + 184. Let y(a) = 40*a**2 - 1. Calculate y(r).
39
Let c(f) = f - 11. Let r(o) = 2*o**2 + 9*o + 12. Let i be r(-4). Calculate c(i).
-3
Let y = -3 - -5. Let f(z) = -z**3 - z + 5*z + 2*z**y - 5*z**2 + 2 - 5. Determine f(-4).
-3
Let h(p) be the third derivative of -2/3*p**3 + 1/12*p**4 + 0*p + 0 - 1/12*p**5 - 9*p**2 - 1/120*p**6. Calculate h(-6).
20
Suppose -30 = 4*t - 18. Let j(f) be the second derivative of -f**4/12 + f**3/6 + f**2 + 17*f. Give j(t).
-10
Let f(q) = -643*q + 2*q**2 - 4*q**2 + 7 + 645*q. What is f(3)?
-5
Let y(f) = f + 5. Let d be y(-3). Suppose 4*p + 4 = 5*q, 2*q - 2 + 0 = d*p. Let v(a) = 2*a**2 + 2*a + 1. Calculate v(p).
1
Let r(m) = 0*m - 3*m - 5 + m**2 + 2*m. Calculate r(0).
-5
Let y(k) = -k**3 + 3*k**2 + 2*k + 4. Suppose 0 = 5*l - 2*l, -2*v - l + 168 = 0. Let i be (-2)/3*v/(-14). Calculate y(i).
-4
Let u(w) = 233*w - 11*w**2 - 13 + 2*w**3 - 18 - 229*w + 31. Give u(5).
-5
Let l(g) = -g**2 - 6*g - 4. Let t = -3 - -7. Suppose 0*v + 20 = -t*v. Give l(v).
1
Let j(z) = -z + 10 + 0*z + 0*z + 2*z - 2*z. Give j(13).
-3
Let s(u) = 4*u**2 - u + 1. Let n be s(0). Let d(t) = -2*t**3 + t**2 - 2*t + 1. What is d(n)?
-2
Let p(c) be the second derivative of c**3/6 + 3*c**2 - 11*c + 68. Let x = 8 - 3. Determine p(x).
11
Suppose -10 = 3*y - 4. Let u(n) = 5*n - n + 5*n - 8*n. What is u(y)?
-2
Let v(p) = p**3 - 5*p**2 - 8*p + 2. Suppose t + 4*c - 6 = 0, 45*c = 50*c. Calculate v(t).
-10
Let w be (-130)/78*(2 + (-32)/10). Let g(f) = f**2 - 3*f. What is g(w)?
-2
Let l(k) = -2*k - 10. Let m = 404 + -409. Calculate l(m).
0
Let c(z) = z**3 + 8*z**2 - 14*z - 11. Let i(x) = -x**3 - 8*x**2 + 16*x + 10. Let f(d) = -3*c(d) - 2*i(d). What is f(-9)?
4
Let s(p) = p**3 + p**2 + p + 1. Let t be (2*3)/(12 - 10). Suppose t*c = 5*c. Give s(c).
1
Let f be 0*7/(-35)*(-2)/(-4). Let m(w) = w**2 + w - 5. Determine m(f).
-5
Suppose 5*b = 19 - 4. Suppose 0 = 2*l + b*l + 5. Let s(x) = -3*x**2 + x + 1. Give s(l).
-3
Suppose 5*o + 2*l - 19 = 0, -1 = -3*o + 4*l - 0. Let r(i) be the first derivative of -i**2 - 3*i + 3. Give r(o).
-9
Let k(b) = b + 4. Let l be k(-4). Let c(p) = -104*p**2 - p + 101*p**2 + l*p - 1. Determine c(-1).
-3
Let r(w) = -w**2 - 18*w - 36. Let b be r(-16). Let q(h) be the second derivative of h**4/12 - h**3/6 - h**2/2 + 46*h. Give q(b).
19
Let d be (-7)/(-3) - (-5)/(-15). Let q(c) = c**3 - c**2 - 1. Let h(x) = 3*x**3 - 2*x**2 - x - 4. Let o(j) = -h(j) + 4*q(j). What is o(d)?
2
Let p = 21 - 15. Let x(t) = -2*t**2 - p*t - 4 - t**2 + 2*t**2. Let m = -100 - -96. Determine x(m).
4
Let a(j) = -j + 15. Let g(l) = 8*l**2 + 32*l - 33. Let t be g(1). Give a(t).
8
Let d(n) = -n - 4. Let k be d(-7). Suppose 0 = -4*s - 5*i - 8, -3*s + 2*i - k = 3. Let r(u) = -u**2 - 16*u - 2 + 30*u - 13*u. What is r(s)?
-8
Let q(v) be the third derivative of v**4/24 - 5*v**3/3 + 151*v**2. Calculate q(7).
-3
Let y(l) = -5*l - 12*l - 31 + 12*l. Let n be y(-6). Let z(h) = 5*h**3 + 2 - 2*h**2 - 1 - 13*h**3. Calculate z(n).
7
Let k(f) = f + 21. Let m be k(-16). Suppose -m*n + 3 = -8*n. Let r(a) = 4*a + 1. Determine r(n).
-3
Suppose k + 4 = -4*k - x, 0 = 2*k - 3*x + 5. Let r = -7 + 19. Let a(q) = -r*q - 12*q + 30*q. Determine a(k).
-6
Let c be (-6 + 8)/(1/2). Let k(j) = -j**3 + 3*j**2 + 2*j - 2. What is k(c)?
-10
Let r(v) = v. Let t = -364 + 368. What is r(t)?
4
Let d(w) = -9*w + 8. Let v(h) = 2*h. Let k(r) = d(r) + 4*v(r). Suppose 0 = 4*o - 25 - 3. Give k(o).
1
Let s be 6/9 - (-5)/15. Let g be 1/((-4 + 1)/18). Let z = s + g. Let o(h) = 2*h + 2. Give o(z).
-8
Let p(h) = -7*h**2 + 37*h + 43. Let y(i) = -8*i**2 + 39*i + 45. Let q(a) = 7*p(a) - 6*y(a). Calculate q(26).
5
Let z(w) be the second derivative of 1/6*w**4 + 0 - 3/2*w**2 - 2/3*w**3 + 10*w. Calculate z(4).
13
Let b(j) = -380*j**2 + 191*j**2 - 7*j + 188*j**2 + 7. What is b(-8)?
-1
Suppose -2*a + 4 = -2. Suppose -a*r - 4*i + 19 = 0, -6 = 3*r - 5*r + 4*i. Suppose 0 = g - 6*g - r. Let l(p) = -3*p**2 - p - 1. Calculate l(g).
-3
Let r(b) = b**3 + 4*b**2 + 4. Let m be r(-4). Suppose 0 = -5*o - k - 34, -5*k = -m*o + 3 - 7. Let u(l) = -l**2 - 8*l - 6. Give u(o).
6
Let w = -248 + 245. Let j(n) be the first derivative of n**4/4 + n**3 - 3*n**2/2 - 2*n - 11. What is j(w)?
7
Suppose 4*b + b - 35 = -2*f, 0 = -4*f - 4*b + 40. Suppose x + f = 12. Let s(g) be the second derivative of -g**4/12 + 7*g**3/6 + g**2/2 + 95*g. Calculate s(x).
1
Let w(o) = 3*o + 1 - 3*o - 5*o**3. Let i = -976 - -975. Give w(i).
6
Let p(z) be the second derivative of z**5/20 - z**4/12 - z**3/6 + 29*z**2/2 + 2*z + 106. Determine p(0).
29
Let x(d) = -2*d - 43 - 63 + 103. Suppose 0 - 8 = 2*a. Give x(a).
5
Let v = 18 - 17. Let t(p) = -20*p**2 - 2*p + 1. Calculate t(v).
-21
Let j(b) be the second derivative of -b**4/6 + 5*b**3/6 + 3*b**2/2 + b. Let p(i) = 13 + 5*i - 17*i - i**2 + 12*i. Let t be p(3). What i